 the remainder when 140026846 is divided by 4027?
2
Calculate the remainder when 132906 is divided by 26581.
1
Calculate the remainder when 212111 is divided by 1521.
692
What is the remainder when 665867 is divided by 1694?
125
Calculate the remainder when 7547058 is divided by 299.
298
Calculate the remainder when 673606 is divided by 1412.
82
What is the remainder when 191651687 is divided by 24?
23
What is the remainder when 129810157 is divided by 2761918?
11
Calculate the remainder when 136861 is divided by 22808.
13
What is the remainder when 119760949 is divided by 7676?
7673
What is the remainder when 8894822 is divided by 2798?
2778
What is the remainder when 32285 is divided by 5882?
2875
What is the remainder when 3790397 is divided by 1895188?
21
Calculate the remainder when 68826 is divided by 17030.
706
What is the remainder when 755228 is divided by 61?
48
Calculate the remainder when 9603040 is divided by 88.
40
What is the remainder when 78766 is divided by 3053?
2441
Calculate the remainder when 783101 is divided by 218.
45
What is the remainder when 26951468 is divided by 274?
6
What is the remainder when 59431799 is divided by 40?
39
Calculate the remainder when 3320430 is divided by 28873.
35
Calculate the remainder when 3671525 is divided by 46.
35
What is the remainder when 502884 is divided by 424?
20
What is the remainder when 21014 is divided by 734?
462
Calculate the remainder when 3168617 is divided by 209.
177
What is the remainder when 96838948 is divided by 150?
148
Calculate the remainder when 5580787 is divided by 33.
25
Calculate the remainder when 418677 is divided by 3046.
1375
Calculate the remainder when 134457446 is divided by 3055851.
2
Calculate the remainder when 22125492 is divided by 100.
92
What is the remainder when 895684 is divided by 217?
125
Calculate the remainder when 1097568 is divided by 2822.
2632
What is the remainder when 147355 is divided by 554?
545
Calculate the remainder when 3162519 is divided by 447.
441
What is the remainder when 52774004 is divided by 125?
4
Calculate the remainder when 690707 is divided by 2521.
2474
Calculate the remainder when 39675624 is divided by 2189.
2188
What is the remainder when 1107186 is divided by 1107152?
34
Calculate the remainder when 196532381 is divided by 13.
6
Calculate the remainder when 60837154 is divided by 1236.
1234
What is the remainder when 60596 is divided by 18824?
4124
What is the remainder when 62513 is divided by 3305?
3023
What is the remainder when 316247 is divided by 565?
412
What is the remainder when 582043 is divided by 1032?
1027
Calculate the remainder when 680801 is divided by 21949.
382
What is the remainder when 80502 is divided by 15381?
3597
What is the remainder when 4071628 is divided by 1414?
722
Calculate the remainder when 2740775 is divided by 1319.
1212
What is the remainder when 1504713 is divided by 752321?
71
What is the remainder when 287955 is divided by 591?
138
What is the remainder when 6553247 is divided by 776?
703
Calculate the remainder when 67888602 is divided by 2573.
2570
Calculate the remainder when 9560729 is divided by 125.
104
Calculate the remainder when 70203 is divided by 2808.
3
Calculate the remainder when 17919719 is divided by 9.
8
What is the remainder when 1066467219 is divided by 243?
240
Calculate the remainder when 7897171 is divided by 4789.
110
What is the remainder when 1574358 is divided by 9599?
122
Calculate the remainder when 139326411 is divided by 399.
0
Calculate the remainder when 1081598277 is divided by 1526.
1523
Calculate the remainder when 38500 is divided by 3499.
11
Calculate the remainder when 1122904 is divided by 187147.
22
What is the remainder when 2631746 is divided by 53703?
299
What is the remainder when 367174 is divided by 183474?
226
Calculate the remainder when 21283508 is divided by 4015.
4008
What is the remainder when 4212355 is divided by 100294?
7
Calculate the remainder when 25950133 is divided by 3707159.
20
Calculate the remainder when 290269 is divided by 15276.
25
Calculate the remainder when 4734803 is divided by 6.
5
What is the remainder when 5576308 is divided by 68?
36
What is the remainder when 165364370 is divided by 165364360?
10
Calculate the remainder when 1374727 is divided by 1374695.
32
What is the remainder when 48214 is divided by 23025?
2164
Calculate the remainder when 70649 is divided by 17619.
173
What is the remainder when 279369 is divided by 326?
313
What is the remainder when 75995 is divided by 48?
11
Calculate the remainder when 30528535 is divided by 13.
11
What is the remainder when 1304516 is divided by 9663?
11
Calculate the remainder when 1452528 is divided by 72626.
8
Calculate the remainder when 649410 is divided by 81154.
178
What is the remainder when 198444 is divided by 65837?
933
Calculate the remainder when 2404426 is divided by 164.
22
Calculate the remainder when 1022604 is divided by 22.
0
Calculate the remainder when 2714181 is divided by 904700.
81
What is the remainder when 4117 is divided by 1283?
268
What is the remainder when 16917945 is divided by 350?
345
Calculate the remainder when 908469 is divided by 19.
3
Calculate the remainder when 2659701 is divided by 187.
0
What is the remainder when 312668708 is divided by 17?
16
What is the remainder when 4870725 is divided by 749?
727
Calculate the remainder when 169285 is divided by 33850.
35
Calculate the remainder when 810180 is divided by 404970.
240
What is the remainder when 297258 is divided by 48229?
7884
Calculate the remainder when 11234282 is divided by 29.
1
Calculate the remainder when 27227377 is divided by 5.
2
Calculate the remainder when 12658051 is divided by 12658049.
2
Calculate the remainder when 293242 is divided by 375.
367
Calculate the remainder when 47047 is divided by 11114.
2591
Calculate the remainder when 9013295 is divided by 104.
31
What is the remainder when 1427499 is divided by 12306?
3
Calculate the remainder when 2471460 is divided by 72690.
0
What is the remainder when 149122 is divided by 9941?
7
What is the remainder when 233043933 is divided by 116521964?
5
What is the remainder when 182699660 is divided by 39?
26
Calculate the remainder when 994838 is divided by 58516.
66
Calculate the remainder when 12062013 is divided by 79.
56
What is the remainder when 135396 is divided by 788?
648
Calculate the remainder when 45912 is divided by 342.
84
What is the remainder when 122440 is divided by 12220?
240
What is the remainder when 4975482 is divided by 1104?
858
Calculate the remainder when 2076857 is divided by 13.
3
What is the remainder when 76695143 is divided by 55?
8
What is the remainder when 31897175 is divided by 16408?
23
What is the remainder when 3013512 is divided by 993?
750
What is the remainder when 9197104 is divided by 4598446?
212
What is the remainder when 597816 is divided by 59781?
6
What is the remainder when 50327208 is divided by 21?
15
Calculate the remainder when 2811191 is divided by 255561.
20
Calculate the remainder when 102373688 is divided by 2843713.
20
Calculate the remainder when 1629566 is divided by 5780.
5386
Calculate the remainder when 61314747 is divided by 2550.
2547
What is the remainder when 1947282 is divided by 186?
48
Calculate the remainder when 16504449 is divided by 711.
6
Calculate the remainder when 2759425 is divided by 2759363.
62
What is the remainder when 4409899 is divided by 275?
274
What is the remainder when 11261898 is divided by 11261840?
58
What is the remainder when 285631105 is divided by 3956?
3949
What is the remainder when 4756448 is divided by 44450?
298
What is the remainder when 67583037 is divided by 3738?
3735
Calculate the remainder when 122605 is divided by 5838.
7
What is the remainder when 1835421 is divided by 8229?
354
What is the remainder when 3263582 is divided by 552?
158
What is the remainder when 291788 is divided by 1908?
1772
Calculate the remainder when 140088 is divided by 140080.
8
Calculate the remainder when 189251 is divided by 26912.
867
Calculate the remainder when 76773243 is divided by 2558.
2547
What is the remainder when 76040 is divided by 864?
8
Calculate the remainder when 88971 is divided by 17243.
275